0111
-1 (base 13) to base 16
-1
Convert -44 (base 5) to base 7.
-33
What is -1a (base 12) in base 2?
-10110
Convert 1 (base 4) to base 3.
1
-1 (base 14) to base 4
-1
Convert 41 (base 6) to base 2.
11001
What is -3 (base 16) in base 13?
-3
-3 (base 16) to base 6
-3
Convert -19 (base 11) to base 15.
-15
What is 53 (base 16) in base 2?
1010011
Convert 105 (base 15) to base 16.
e6
-2b (base 15) to base 5
-131
Convert 1010 (base 2) to base 5.
20
Convert 200 (base 9) to base 14.
b8
Convert -6 (base 13) to base 12.
-6
What is 30 (base 10) in base 16?
1e
118 (base 10) to base 16
76
211 (base 6) to base 12
67
Convert -441 (base 5) to base 11.
-100
What is -20 (base 14) in base 11?
-26
Convert ab (base 13) to base 4.
2031
Convert 11 (base 7) to base 2.
1000
Convert 1e (base 15) to base 6.
45
Convert -85 (base 13) to base 2.
-1101101
0 (base 5) to base 10
0
What is -134 (base 7) in base 16?
-4a
What is 11 (base 13) in base 3?
112
Convert 3 (base 6) to base 4.
3
What is 110 (base 2) in base 16?
6
Convert -11 (base 13) to base 11.
-13
-2 (base 3) to base 5
-2
What is 0 (base 13) in base 12?
0
-70 (base 15) to base 5
-410
10 (base 10) to base 14
a
What is 10000100 (base 2) in base 14?
96
Convert 350 (base 6) to base 4.
2022
-27 (base 14) to base 13
-29
Convert -14 (base 6) to base 9.
-11
What is -31 (base 15) in base 8?
-56
What is 13 (base 4) in base 11?
7
Convert 3 (base 11) to base 14.
3
1 (base 3) to base 8
1
Convert c3 (base 13) to base 6.
423
What is -4 (base 12) in base 5?
-4
-1 (base 5) to base 4
-1
Convert 3 (base 16) to base 6.
3
What is -1 (base 16) in base 13?
-1
What is -1 (base 2) in base 7?
-1
-146 (base 11) to base 14
-c3
Convert -11 (base 4) to base 8.
-5
1005 (base 7) to base 13
20a
23 (base 5) to base 13
10
What is -1 (base 11) in base 3?
-1
What is 3 (base 16) in base 14?
3
7 (base 12) to base 4
13
2 (base 6) to base 16
2
2 (base 14) to base 11
2
Convert 8 (base 12) to base 9.
8
Convert 59 (base 14) to base 5.
304
7a (base 15) to base 6
311
7a (base 15) to base 2
1110011
Convert 1 (base 15) to base 9.
1
What is 35 (base 9) in base 3?
1012
Convert -8 (base 10) to base 9.
-8
-4 (base 16) to base 4
-10
Convert 105 (base 6) to base 11.
38
Convert 12 (base 7) to base 3.
100
-37 (base 8) to base 13
-25
Convert 421 (base 6) to base 10.
157
What is 2002 (base 4) in base 9?
154
What is -1 (base 16) in base 13?
-1
Convert 10010 (base 3) to base 13.
66
210 (base 4) to base 7
51
What is -3 (base 6) in base 3?
-10
53 (base 6) to base 7
45
What is 130 (base 4) in base 5?
103
-3 (base 10) to base 5
-3
175 (base 8) to base 12
a5
11 (base 7) to base 16
8
Convert 14a (base 12) to base 13.
127
1000010 (base 2) to base 9
73
Convert 7 (base 9) to base 15.
7
22 (base 4) to base 2
1010
Convert 1 (base 3) to base 6.
1
Convert 22 (base 5) to base 6.
20
-99 (base 13) to base 2
-1111110
Convert 101 (base 6) to base 15.
27
13 (base 6) to base 12
9
-6 (base 8) to base 11
-6
What is 111 (base 2) in base 16?
7
Convert -27 (base 13) to base 10.
-33
0 (base 3) to base 4
0
-10 (base 11) to base 15
-b
What is 113 (base 5) in base 6?
53
What is 0 (base 7) in base 12?
0
Convert 2 (base 7) to base 9.
2
-26 (base 16) to base 8
-46
Convert -4 (base 11) to base 3.
-11
Convert 11 (base 16) to base 7.
23
a3 (base 13) to base 9
157
100 (base 6) to base 7
51
What is -4 (base 7) in base 3?
-11
1 (base 15) to base 2
1
What is 1 (base 15) in base 3?
1
Convert 7 (base 12) to base 5.
12
What is -130 (base 7) in base 4?
-1012
What is -1 (base 4) in base 8?
-1
Convert 154 (base 11) to base 16.
b4
Convert -4 (base 16) to base 2.
-100
120 (base 7) to base 14
47
What is 2a (base 12) in base 14?
26
What is 25 (base 16) in base 6?
101
Convert 120 (base 4) to base 15.
19
-1a (base 14) to base 12
-20
What is -1022 (base 3) in base 15?
-25
What is 12 (base 10) in base 7?
15
Convert 10 (base 5) to base 16.
5
3 (base 13) to base 5
3
11 (base 15) to base 9
17
What is 0 (base 12) in base 11?
0
What is -2 (base 3) in base 15?
-2
What is -d (base 16) in base 9?
-14
What is -10010 (base 2) in base 9?
-20
What is 44 (base 7) in base 13?
26
0 (base 9) to base 15
0
Convert 1000 (base 2) to base 7.
11
What is 0 (base 11) in base 15?
0
What is -230 (base 4) in base 11?
-40
What is 7 (base 16) in base 5?
12
Convert 0 (base 4) to base 15.
0
Convert 7 (base 14) to base 8.
7
What is 3 (base 15) in base 16?
3
What is 1 (base 2) in base 16?
1
Convert -22 (base 13) to base 9.
-31
-1 (base 4) to base 9
-1
252 (base 8) to base 11
145
Convert 1 (base 12) to base 10.
1
Convert 1 (base 4) to base 6.
1
21 (base 4) to base 11
9
Convert -1 (base 8) to base 4.
-1
What is 2 (base 15) in base 12?
2
Convert -232 (base 4) to base 6.
-114
Convert 3 (base 4) to base 10.
3
110 (base 5) to base 13
24
Convert 2 (base 12) to base 7.
2
Convert 18 (base 14) to base 2.
10110
Convert -1 (base 8) to base 13.
-1
Convert -77 (base 11) to base 12.
-70
1 (base 9) to base 12
1
-186 (base 11) to base 4
-3113
What is -105 (base 6) in base 7?
-56
-65 (base 7) to base 13
-38
Convert -3 (base 11) to base 8.
-3
Convert 3 (base 10) to base 13.
3
What is -75 (base 10) in base 6?
-203
145 (base 6) to base 13
50
Convert -270 (base 8) to base 12.
-134
Convert -15 (base 13) to base 3.
-200
What is -2 (base 5) in base 7?
-2
11 (base 8) to base 2
1001
What is -11 (base 3) in base 15?
-4
What is 1 (base 15) in base 13?
1
Convert 224 (base 5) to base 9.
71
What is 32 (base 15) in base 11?
43
What is -5 (base 8) in base 13?
-5
What is 2301 (base 4) in base 11?
151
-6 (base 16) to base 6
-10
What is -3 (base 14) in base 8?
-3
1 (base 5) to base 16
1
Convert 47 (base 8) to base 2.
100111
What is 4 (base 16) in base 8?
4
-1 (base 6) to base 8
-1
What is 20 (base 6) in base 12?
10
34 (base 9) to base 11
29
What is 1 (base 7) in base 9?
1
Convert -1 (base 13) to base 14.
-1
What is 28 (base 15) in base 14?
2a
-236 (base 7) to base 10
-125
Convert -110100 (base 2) to base 16.
-34
What is 1133 (base 5) in base 4?
2220
42 (base 16) to base 10
66
What is 1b (base 16) in base 15?
1c
-20002 (base 3) to base 14
-ba
What is -8 (base 13) in base 2?
-1000
-14 (base 14) to base 3
-200
-11100110 (base 2) to base 8
-346
Convert 1010 (base 2) to base 5.
20
What is -111101 (base 2) in base 10?
-61
Convert 316 (base 8) to base 10.
206
Convert -56 (base 11) to base 16.
-3d
Convert -24 (base 15) to base 6.
-54
What is -21 (base 8) in base 4?
-101
What is -1323 (base 4) in base 3?
-11120
-2 (base 10) to base 5
-2
What is 3 (base 16) in base 13?
3
What is -93 (base 12) in base 16?
-6f
-4 (base 12) to base 16
-4
Convert -101 (base 5) to base 3.
-222
What is -6 (base 13) in base 3?
-20
What is -1210 (base 4) in base 11?
-91
-47 (base 8) to base 16
-27
2121 (base 5) to base 8
436
Convert 21 (base 3) to base 9.
7
-136 (base 7) to base 11
-6a
Convert 0 (base 13) to base 12.
0
-a9 (base 15) to base 13
-c3
-130 (base 6) to base 9
-60
What is 3 (base 7) in base 6?
3
-7 (base 8) to base 7
-10
Convert 9 (base 11) to base 15.
9
e (base 15) to base 9
15
-1 (base 5) to base 8
-1
-1 (base 13) to base 7
-1
What is -11 (base 2) in base 5?
-3
Convert 45 (base 16) to base 15.
49
What is -155 (base 6) in base 15?
-4b
13 (base 16) to base 8
23
Convert 0 (base 5) to base 3.
0
Convert -b2 (base 16) to base 8.
-262
Convert 3 (base 6) to base 7.
3
3 (base 10) to base 6
3
What is -1a4 (base 11) in base 13?
-151
Convert -232 (base 4) to base 7.
-64
21 (base 4) to base 9
10
Convert -5 (base 6) to base 11.
-5
Convert 11 (base 8) to base 10.
9
What is 4 (base 6) in base 12?
4
Convert 16 (base 11) to base 15.
12
What is -2 (base 14) in base 7?
-2
-4 (base 9) to base 4
-10
13 (base 5) to base 10
8
13 (base 4) to base 15
7
1 (base 16) to base 12
1
What is 4 (base 13) in base 11?
4
-45 (base 6) to base 15
-1e
211 (base 3) to base 11
20
Convert 2 (base 11) to base 7.
2
What is -60 (base 16) in base 6?
-240
What is -1 (base 4) in base 8?
-1
101 (base 2) to base 10
5
116 (base 10) to base 13
8c
What is -173 (base 10) in base 8?
-255
-10 (base 5) to base 6
-5
What is -13 (base 6) in base 11?
-9
10010001 (base 2) to base 5
1040
Convert -303 (base 4) to base 11.
-47
Convert -11100 (base 2) to base 6.
-44
Convert -12 (base 16) to base 5.
-33
e (base 16) to base 15
e
-132 (base 5) to base 13
-33
-3 (base 9) to base 13
-